 n = l - -50. What is the tens digit of n?
3
Let d(s) = s**2 - 11*s + 12. Let f be d(10). Suppose x - 12 - 48 = -a, 120 = f*a - 4*x. Suppose 2*b + a = 6*b. What is the units digit of b?
5
Let t(s) be the third derivative of 133*s**4/24 - 4*s**3/3 - 45*s**2. What is the units digit of t(1)?
5
Let v be ((-6)/4)/1 - (-520)/16. Let n = 77 + v. What is the hundreds digit of n?
1
Let y(m) = 53*m - 62. What is the hundreds digit of y(11)?
5
What is the units digit of ((-40)/2 + 16)*(-101)/4?
1
Suppose 3*n + 3 = 15. Suppose -4*d = -n*q + 652, 2*q - 5*q = -4*d - 489. What is the hundreds digit of q?
1
Let o be 91 - (-2*(-3)/2)/1. Suppose -7*j = -o - 3. What is the tens digit of j?
1
Let s be (-848)/32*(3 - 1). Let p = -26 - s. What is the tens digit of p?
2
Let k(y) = 2*y**2 - 14*y + 159. What is the hundreds digit of k(22)?
8
Let n = 447 - 305. What is the hundreds digit of n?
1
Let d be (-9)/(-27) - 17/(-3). Suppose 2*s + 116 = d*s. Let m = s - 18. What is the tens digit of m?
1
Let g = 17 - 13. Let n be -1 + 8/g + 1. Let w(r) = 6*r**2 - 4*r + 2. What is the tens digit of w(n)?
1
Let f(l) = -3*l - 6. Let s be f(-3). What is the units digit of s + 5 + 0 + -1?
7
Let u be 14/4 - 1/2. Suppose m - 7 + u = 0. Suppose 2*x + 68 = 2*b, -m*x = b - 0*x - 29. What is the units digit of b?
3
Let d(a) be the third derivative of -19*a**4/24 - 19*a**3/3 - 36*a**2. What is the hundreds digit of d(-15)?
2
Let t(w) = -w - 4. Let f be t(-6). Suppose 0 = -f*o - o + 306. What is the units digit of o?
2
Let c(g) = g**3 - 5*g**2 - 8*g + 13. Let p be -12*(28/(-8) + 3). What is the units digit of c(p)?
1
Suppose 2*s - 4*s - 374 = 0. Let z = s - -265. What is the units digit of z?
8
Let z = -67 + 37. What is the units digit of (-2020)/z + (-4)/3?
6
Let a be (24/12)/(2/(-535)). What is the tens digit of a/(-6) - (-10)/(-60)?
8
Suppose 332*d - 130174 = 310*d. What is the thousands digit of d?
5
Let g(z) = -3*z + 17. Let l be g(-8). What is the tens digit of (-1)/(((-5)/l)/5)?
4
Let k(m) = 69*m + 123. What is the tens digit of k(12)?
5
Let c be (-43)/(-5) - (-2)/5. Suppose c*k - 11*k + 128 = 0. What is the tens digit of k?
6
Let k be ((-8)/(-5))/(18/495). Suppose 4*u - 16 = k. What is the tens digit of u?
1
Let d(l) = 3*l - 5. Let g be d(-3). Let a(f) = -f - 1. Let s be a(g). Suppose 2*p + 2*p - 43 = 5*i, 0 = 4*p + 5*i - s. What is the units digit of p?
7
Suppose 0 = 3*u - 7*u - 4. What is the tens digit of u/((-2)/10) - -163?
6
Suppose -3*n + 1553 = i - 0*i, 5*i - 499 = -n. What is the tens digit of n?
1
Let t(g) = 28*g**3 - g**2 + g. Suppose -a + 8 = -0*a - 2*y, 5*a - 88 = -2*y. Suppose -a*n = -13*n - 3. What is the tens digit of t(n)?
2
Suppose -2*w - 9 = -5*w. Let u be 4/(-3)*-6 - w. What is the units digit of 6/u*(-75)/(-30)?
3
Let j(x) be the second derivative of -1/20*x**5 + 0*x**3 - 1/2*x**2 + 0*x**4 + 0 + 6*x. What is the units digit of j(-3)?
6
Let m(b) = 52*b**2 - 14*b - 55. What is the tens digit of m(-3)?
5
Suppose 3*u - 504 = -4*u. Suppose -2*m + 3*x = -151, -2*x = m - 0*x - u. What is the tens digit of m?
7
Suppose -4*m - 3*p = 67, -75 = 5*m - p + 3*p. Suppose 2*c - 7 = 11. Let x = c - m. What is the tens digit of x?
2
What is the hundreds digit of ((-1068)/(-15))/((-7)/(-35))?
3
Let j be -2 + 1 + 60 + 3. Suppose g - j = b, g - 139 = -g + 5*b. What is the tens digit of g?
5
Let k(y) = -y + 2. Let o(i) = -2*i + 1. Let l(j) = 5*k(j) - 4*o(j). What is the units digit of l(3)?
5
Let g(a) = 7*a**3 + 4*a - 6*a**3 - 4*a**2 - 2 + 3*a**3 + 0. Suppose -2*s - 5*l - 17 = -3*s, 2*l = 3*s - 12. What is the units digit of g(s)?
2
Let b be 5/((-3)/6 - 0). Let o(v) = -v**3 + 4*v**2 - 15*v**2 - 7*v - 15*v + 3 + 10*v. What is the tens digit of o(b)?
2
Let i(n) = 10*n - 27. Let c be i(-16). Let l = 288 + c. What is the units digit of l?
1
Let s be -13 - (0/3 + -2). Let c = -11 - s. Suppose -2*d + d + 3 = c. What is the units digit of d?
3
Let z(v) = v**2 - 19*v + 33. Let i be z(16). Let x = i + 107. What is the tens digit of x?
9
Suppose -q + 3*q = 5*v + 172, 5*v = 3*q - 248. Suppose -q + 279 = 7*w. What is the tens digit of w?
2
Let d = 18 + -15. Suppose -q + 16 = d*q + o, -2 = -2*q + o. Suppose -q*i + 5*i = 84. What is the units digit of i?
2
Let b be 1/(1*(-2)/(-16)). Let s = 25 - b. What is the units digit of 8/(-16)*-2*s?
7
Let t(z) = z**3 + 24*z**2 + 9*z + 79. What is the units digit of t(-23)?
1
Let l(o) = -32*o - 4. What is the units digit of l(-14)?
4
What is the hundreds digit of 4*(-7)/(308/(-6259))?
5
What is the tens digit of (-1)/5*0 - -541?
4
Let n(c) = -4*c**3 + 6*c**2 + 5*c + 4. Let y be n(5). Let d = -208 - y. What is the hundreds digit of d?
1
Let l(b) = 159*b - 800. What is the tens digit of l(7)?
1
Let s(q) = 2*q - 33. Let b be s(0). Let y = b - -123. What is the tens digit of y?
9
Let w(c) be the third derivative of 5/6*c**3 - 1/8*c**4 + 0 + 1/30*c**5 + 0*c + 2*c**2. What is the units digit of w(4)?
5
Let b = 31 + -35. Let c(u) = 2*u**2 - 4*u - 6. Let n be c(b). What is the units digit of (-221)/(-7) + (-24)/n?
1
Suppose 2*d = 58 + 6. Let c = 12 + -29. Let a = c + d. What is the units digit of a?
5
Let g = 36 + -7. What is the tens digit of g?
2
Suppose 0*j + 3*j = -15. Let d = j - -7. Let y = d + 4. What is the units digit of y?
6
Let r be 4/(-12)*3 + -4. Let c be 2/(-6)*(r - -2). What is the tens digit of c*(5 - 4) - -13?
1
Let k(g) = -5*g**2 + g. Let z be k(-1). Let u be (-6)/(-18)*-2*6. What is the units digit of (-19)/(1 - z/u)?
8
Let v(k) = k**3 - 16*k**2 + 13*k + 35. Let x be v(15). Let o(j) = 40*j + 9. What is the hundreds digit of o(x)?
2
Suppose -14 = 5*k + h, 0*k = -2*k + 5*h - 11. Let x = 42 - k. What is the tens digit of x?
4
Suppose 25 = -5*j, -3*d - 9*j = -6*j - 6612. What is the units digit of d?
9
Let p(d) = 22*d + 17. Let r be (2 - (-1 + -1)) + 3. What is the tens digit of p(r)?
7
Let h(x) = -13*x**3 - 2*x**2 + 2. Let w be h(1). Let t(k) = k**2 + 12*k + 16. What is the tens digit of t(w)?
2
Suppose 3*z - 157 = a + 3*a, -3*a = -4*z + 123. Let k = 160 + a. What is the hundreds digit of k?
1
Let v(w) = -w + 15. Let j be v(12). Suppose -5*l = 4*f + 16, -4*l - 5*f - 23 = -j. What is the units digit of l - (-2 - (-42)/(-3))?
6
Let p(d) be the second derivative of 0 + 3*d + d**3 - 5/2*d**2 - 1/2*d**4 - 1/20*d**5. What is the units digit of p(-7)?
2
Suppose 0*m = 4*m - 40. Suppose -m = 5*u, 2*i - 4*u = 5 - 3. Let o = i - -7. What is the units digit of o?
4
Let y be 7 + (-75)/10*(-10)/(-15). Let j(q) be the third derivative of q**6/30 + q**2. What is the tens digit of j(y)?
3
Let b be 4/7 + 24/7. Suppose 0 = -b*x + 6*x - 6. Suppose 0 = x*l + l - 104. What is the units digit of l?
6
Suppose -3*m + 0*k + 3*k - 12 = 0, -3*m - k = 0. Let q be (0 - 16/4)*m. What is the units digit of 38 + -3 + -2 + q?
7
Suppose -7351 + 33931 = 15*w. What is the thousands digit of w?
1
Let v = -1415 + 4502. What is the hundreds digit of v?
0
Let v = -287 - -467. Suppose -3*q = -2*r - q + v, 0 = 4*r + 4*q - 336. What is the units digit of r?
7
Let b = -4 + 28. Let l be (-18)/b*52*14. What is the units digit of l/(-9) + (-3)/(-9)?
1
Let p(n) = -n**3 + 8*n**2 - 10*n + 8. Let j be p(6). Let g = j + -5. Suppose -3*r + g = -0*r. What is the units digit of r?
5
Let t(x) = -14*x**3 - 22*x**2 + 4. What is the hundreds digit of t(-4)?
5
What is the hundreds digit of 0 + 689 + (2 - (-2 + 7))?
6
Let a be 2/(-4)*-4 + -20. Let o = a + 2. What is the units digit of 3*1 + 69 + o?
6
Let r(j) = -11*j + 36. Let b be r(-7). Suppose 0 = -5*u + 272 + b. What is the units digit of u?
7
Suppose 0 = 4*g - 0*g + 48. Let j be (-7 - 1) + 11 + g. Let m = 13 + j. What is the units digit of m?
4
Let h(z) = 3*z**2 - 2*z - 3. Let u(s) = 4*s**2 - 3*s - 4. Let f(v) = 7*h(v) - 5*u(v). Let w be f(1). What is the units digit of (2 - w)/(1/4)?
4
Let k(s) = 2*s**2 + 9*s. Let f(o) = 3*o**2 + 17*o + 1. Let b(g) = 3*f(g) - 5*k(g). Let r be b(7). Let a(t) = 2*t**2 + t + 4. What is the tens digit of a(r)?
3
Let k(o) = 110*o**2 + o + 1. What is the units digit of k(2)?
3
Let i = 21 - 21. Suppose -6*v + v - 20 = i. What is the tens digit of 3132/63 - v/14?
5
Let s = -34 + 49. Let u = s + 44. What is the tens digit of u?
5
Let f(b) = 2*b**2 + 17. Let j be 20/6*(-12)/5. Let y(i) = -5*i**2 - 50. Let z(h) = j*f(h) - 3*y(h